uppose -4*j + 3*h - 6*h - 649 = 0, 0 = -2*h + 10. Let k = 310 + j. Let n = k - -61. Is n prime?
False
Let o = 240 + 167. Let b = 1250 - 962. Let k = o - b. Is k prime?
False
Let i(r) be the second derivative of 211*r**4/6 + r**3/3 + r**2/2 + 21*r. Let x(w) = 423*w**2 + 2*w + 1. Let q(k) = 3*i(k) - 2*x(k). Is q(-1) composite?
False
Let q(g) = -898*g**3 + 3*g**2 - 1. Let o be q(-2). Suppose -2*k = 3*y - o, 0 = -5*k + y + 26035 - 8073. Is k a prime number?
True
Let a(k) = -3*k - 16. Let n(x) = -1. Let o(z) = -2*a(z) + 18*n(z). Let m be o(8). Let i = m + 83. Is i composite?
True
Let l = 38853 - -111376. Is l a prime number?
False
Let q(t) = 2*t**2 + t + 3*t**2 - 3*t**2 - 3*t**2. Let f(a) = 5*a**2 + 41*a + 43. Let y(i) = -f(i) - 4*q(i). Is y(-19) a prime number?
False
Let c(m) = -4*m**3 + 207*m**2 - 516*m - 18. Is c(35) a composite number?
False
Let t(s) = 155999*s**2 + 46*s + 269. Is t(-6) composite?
False
Let c(g) = 123*g + 13. Let v be 14/(3/12 - (-54)/(-152)). Let x = -129 - v. Is c(x) prime?
False
Let h = 370741 + -133274. Is h composite?
False
Suppose -7*y = 24 + 11. Let a be 3/((-15)/(-28)) - 2/y. Suppose a*m + 3*b - 993 = 2*m, 2*m - 4*b - 502 = 0. Is m a prime number?
False
Suppose -l - z = -36669, -17*l + 22*l - 4*z - 183363 = 0. Is l composite?
False
Suppose 7*v + 10 = 5*v. Let q(a) = a**3 + 4*a**2 - 11*a + 1. Let s be q(v). Is 0 + 35 + 1 + 31/s prime?
True
Let b(m) = -33*m**3 - 22*m**2 + 15*m + 13. Let a(o) = -22*o**3 - 15*o**2 + 10*o + 8. Let h(z) = 8*a(z) - 5*b(z). Is h(-6) a composite number?
True
Let p(o) = 26*o - 15. Let f(l) = 2*l - 1. Let z(v) = -4*f(v) + p(v). Let j(m) = -m**2 - 18*m + 12. Let t(r) = -2*j(r) - 3*z(r). Is t(20) a composite number?
False
Let j(g) = 112*g**2 + 3*g - 6. Let b be j(4). Let f be 6 - 8 - (1 + -2 + -1). Suppose f = a - b + 235. Is a composite?
True
Suppose -5*i - 4*w + 157 = 0, -3*w - 171 = -5*i - 0*w. Suppose -26*g - 208117 = -i*g. Is g prime?
False
Suppose -17*p + 12267830 = 2727685. Is p a prime number?
False
Suppose -60*a = -2*f - 63*a + 23336, -4*a = 5*f - 58347. Is f prime?
False
Let x = 11 - 5. Suppose x*t - 9016 = 15482. Is t composite?
True
Let o(g) = -g**3 - 19*g**2 + 14*g - 20. Let c be o(-20). Let f = -96 + c. Suppose 6*z - f*z + 1092 = p, -p - z = -1077. Is p a prime number?
False
Let d = -173861 - -321718. Is d a prime number?
False
Suppose -14*r - 2146493 = -5*r - 7613408. Is r a composite number?
True
Let o = 501589 - 159252. Is o prime?
True
Let l(t) be the first derivative of 29 + 0*t - 557/2*t**2. Is l(-1) composite?
False
Let o = -62 + 62. Suppose 2*i - s = -1537, o = i - 6*i + 2*s - 3845. Let f = 1754 + i. Is f a prime number?
True
Let y = -9008 - -58249. Is y prime?
False
Let o(w) = 105*w**2 + 15*w - 1. Let p = 638 + -645. Is o(p) a composite number?
False
Let l = 139 - 13. Let m = l + -122. Is (-229 - m)/(-1 - 0) a composite number?
False
Let x = 5394 - 2298. Suppose -1175 = -t + x. Is t a composite number?
False
Suppose 5*q + 4*g - 31630 = 2*g, -4*q + 25304 = -3*g. Is q composite?
True
Suppose 44 = 22*i - 0. Suppose -i*u - 1960 = -2*o, 0*u = 2*o - 4*u - 1966. Is o prime?
True
Let h(j) be the third derivative of 221*j**8/10080 + 13*j**6/720 - j**5/5 + 15*j**2. Let w(g) be the third derivative of h(g). Is w(-3) a composite number?
True
Let p = 404 - 404. Suppose 2*h = p, -3*y - 2233 = -5*h - 7510. Is y a composite number?
False
Suppose 3528*q + 328427 - 2135806 = 3521*q. Is q a prime number?
True
Let i be (4 - (-2 - 1))/1. Let r = -4534 - -7029. Suppose -2*k + i*k - r = 0. Is k prime?
True
Let a(t) be the third derivative of -t**4/24 - t**3/3 + 7*t**2. Let v be a(-4). Is 26/195 + (-6253)/(-15) + v a prime number?
True
Suppose 121*z - 814341 = 1196558. Is z a prime number?
True
Let p be (-4)/30 + (-535)/(-75). Suppose p*j - 952 = -175. Suppose -16*c + 13*c = -j. Is c a composite number?
False
Let f be ((-3620)/40)/((-2)/(-6))*-2. Suppose 0 = 5*b + 5*v - 767 - f, 3*b + 2*v = 783. Is b composite?
True
Suppose z = -f - 5, -5*z = -2*f + 8 + 17. Suppose -5*r + 26 - 36 = f. Is (1061/r)/(4 - 18/4) composite?
False
Suppose -108450 = 212*s - 214*s - 4*w, s - 54229 = -3*w. Is s a prime number?
True
Suppose 1869 = 3*f + 1863. Suppose -4*l = 3*c + 627, -2*l + c = l + 480. Is (f - 3)*(-4 + l) prime?
True
Suppose -31*v + 22822237 + 25486396 = 0. Is v prime?
True
Let g(q) = 11061*q**3 + 2*q**2 - q. Let v be g(1). Let o = -6093 + v. Is o prime?
True
Suppose 2*i - 445042 = -4*h, -26*h + 24*h = -i - 222531. Is h composite?
False
Suppose -17*k - 4231477 = -36*k - 10*k. Is k a prime number?
False
Let k = -36 + 36. Suppose 3984 = -k*h + 4*h. Suppose -w = j - h, -w = -3*j + w + 2993. Is j a prime number?
True
Let v be 1*(-151)/(-2)*-2. Let t = v - 188. Is (t/12)/((-5)/20) composite?
False
Is 8601352/26 + 168/(-728) a composite number?
False
Suppose -12*r - 152664 = 12*r. Let s = 21314 + r. Is s composite?
True
Suppose -4*x + 4*c = -543536, -407658 = 7*x - 10*x + c. Is x a prime number?
True
Let f = 537253 + -286670. Is f a composite number?
False
Let p(y) = y**3 - 15*y**2 - 19*y - 12. Let s be p(16). Is (3983/(-5))/(12/s) a prime number?
False
Let i(k) = k**2 - 6*k + 34. Let v be i(7). Suppose -2*g + 21 = v. Is 587 - g/(-5) - -2 a composite number?
False
Suppose 0 = 2*l - q + 330, q = -3*l + l - 338. Let d = 1278 + l. Is d prime?
False
Let i(f) = 28*f**2 - 305*f + 192. Is i(-95) prime?
True
Suppose -5*p - 43 = 2*l, -5*p = -8*p + 9. Let b be 2 - -29 - (-1 + 0). Let v = b + l. Is v a composite number?
False
Let r(u) = -u**3 - 49*u**2 - 221*u + 255. Is r(-74) prime?
True
Is 67186/6 + ((-140)/(-30))/(-7) a composite number?
False
Suppose 5*p - 336380 = -5*x, 1431*x - 1436*x = 35. Is p a composite number?
True
Suppose 4*r = -4, -13811 = 2*d + 4*r - r. Is d/(-3) - (20/6)/(-5) a prime number?
False
Let g(b) = -24573*b + 469. Is g(-10) a composite number?
True
Let u = -440 + 3983. Let n be ((-12)/(-10))/(15/50). Suppose 0*y + 3*z = n*y - 2840, 5*y - 2*z = u. Is y a prime number?
False
Let v = 4984 - -4233. Let x = -4890 + v. Is x a prime number?
True
Let o(j) = 51502*j**2 + 319*j - 1263. Is o(4) composite?
True
Let h(j) = -417*j**3 + 10. Let l be 1428/(-462) - (-1)/11. Is h(l) prime?
False
Let u = -147 - -423. Suppose -3*j + j = u. Let z = -7 - j. Is z composite?
False
Suppose 0 = 3*s - 4*s + 2*d, 0 = s + 2*d. Suppose s = 12*g - 24*g + 43116. Is g composite?
False
Suppose 3*h - 15*f - 25 = -20*f, -3*h = 3*f - 27. Suppose -14*z + h*z + 31268 = -4*b, 2*b = 0. Is z a prime number?
True
Suppose -148*q + 21488816 + 54285260 = 0. Is q a prime number?
False
Suppose -4*s = 5*w - 10, -23 = -3*s + 4*w - 31. Suppose 3*v - 6300 = 5*c, s = -2*v + 7*c - 9*c + 4184. Is v a composite number?
True
Suppose -2*c = 7*c - 36. Suppose -r + 366 = -c*r. Let b = 245 + r. Is b composite?
True
Let v(r) = 379*r**3 - 4*r**2 + 18*r - 41. Is v(4) a composite number?
False
Let x be ((-8)/(-2))/4*3. Let h = 26 + x. Let a = -18 + h. Is a prime?
True
Let p = -19 + 19. Let m be p + 2 + 1700/1. Suppose 14*q - 12*q - m = 0. Is q a composite number?
True
Let f(g) be the third derivative of g**7/2520 + 17*g**6/720 + g**5/8 - 5*g**4/24 - 27*g**2. Let i(t) be the second derivative of f(t). Is i(14) a prime number?
True
Let a = 57463 + 150664. Is a a composite number?
True
Let q = 36489 + -22472. Is q composite?
True
Suppose -7*x = 1 - 43. Suppose 83472 = 2*s + x*s. Suppose -15*l - s = -21*l. Is l a composite number?
True
Let l = 381 + -345. Is 967981/42 + (-6)/l prime?
False
Let f(l) = l**3 + 56*l**2 - 63*l - 1199. Is f(-40) a prime number?
True
Let d(l) = 43753*l**2 + 296*l - 296. Is d(1) a prime number?
True
Let n(u) = -u**3 + 13*u**2 + 11*u - 16. Suppose m - 5*m = -8. Suppose 3*c - 2*z - 29 = 0, 3*c - 80 = -m*c - 3*z. Is n(c) prime?
True
Let m be 2/1 + (-21 - -25). Suppose 10092 = m*v - 2736. Is v a composite number?
True
Let p = -13 - -17. Suppose -p*k - k = -15. Suppose 0 = -5*l - 4*h + 1757, -l + 349 = k*h - h. Is l prime?
True
Let f(t) = 5305*t**3 - 3*t**2 - 22*t + 49. Is f(2) prime?
True
Let i(p) be the second derivative of -p**7/2520 - 13*p**6/360 - 11*p**5/60 - 4*p**4/3 - 9*p. Let q(x) be the third derivative of i(x). Is q(-15) a prime number?
False
Suppose -895156 = 10*v - 3138526. Is v prime?
False
Suppose -324*d = -124*d - 36174200. Is 